 Let f be o(-4). Suppose f = -2*z + 7*z. What is the tens digit of z?
2
Suppose 33*p + 64 = 34*p. What is the units digit of p?
4
Let u(z) = -3*z + 8. What is the units digit of u(-7)?
9
Let p(c) = 13*c - 27. Let i(x) = -7*x + 14. Let z(o) = 11*i(o) + 6*p(o). Let s be z(4). What is the units digit of 1/(-2)*(s - 2)?
3
Let t(j) = -j - 5. Let p be t(-8). Suppose 0 = 3*s + 5*q - 18, -s = p*q + 2*q - 6. What is the units digit of s?
6
Suppose 3*q - 46 = -13. What is the units digit of q?
1
What is the units digit of (-8 + 5)/(3/(-2))?
2
Let c(j) = -7*j - 1. Let d be c(-1). What is the units digit of (d + -7)/((-2)/4)?
2
Let c(p) = 6*p - 21. Let d(m) = -m + 1. Let f(r) = -c(r) - 9*d(r). What is the tens digit of f(7)?
3
Let l = 28 - 45. Let u = l - -28. What is the tens digit of u?
1
Let j(d) = d**2 - 8*d + 1. Let c be j(9). Suppose c = w + 4. Let k(f) = f**3 - 7*f**2 + 7*f. What is the units digit of k(w)?
6
Let t(z) = z + 2. Let u be t(-2). Suppose -3*g + 3 = u, -23 - 31 = -2*c + 4*g. Let h = c + -16. What is the units digit of h?
3
Let f be (-20)/3 + 3/(-9). Let o = 11 + f. Suppose -v + 56 = 3*v + 2*z, 2*v - 38 = o*z. What is the tens digit of v?
1
Let g = -8 - -19. Suppose 2*q + 10 + 29 = 5*w, 0 = w - 2*q - g. What is the units digit of w?
7
Let k(u) = u - 4. Suppose -5*j - 5 = 5. Let c be -2 + (j + -6)*-1. What is the units digit of k(c)?
2
Let l be 45/10*2/3. Let f(i) = 8*i - 8. Let z be f(7). Suppose -7*q = -l*q - z. What is the tens digit of q?
1
Let f = -164 + 115. Let w = f + 76. What is the units digit of w?
7
Let z = 11 + -15. Let m be (-32)/(-6) - z/(-12). Let p = 8 - m. What is the units digit of p?
3
Let l be (-6)/((-1)/3*1). Suppose 5*w = 2*w - l. What is the units digit of (-10)/15 - 64/w?
0
Suppose -3*x - x + 24 = 0. What is the units digit of x?
6
Let g be 2/(-7) - 346/14. What is the units digit of 10/2*(-20)/g?
4
Suppose 5*j - 2*j = 12. Let b(s) = s**2 - 5*s + 1. Let k be b(j). What is the units digit of (-1 - -1) + (-9)/k?
3
Let l(m) = m**2 - 9*m - 9. Let i be l(10). Let y be 1/2*(1 + -1). Let d = i - y. What is the units digit of d?
1
Let d(s) = -s - 2. Let t be d(0). What is the units digit of 40/7 - t/7?
6
Suppose 0 = 2*j - 2*t - 100, -3*j + j = -t - 97. What is the units digit of j?
7
Let p = 3 - -75. What is the tens digit of p?
7
Let a = 20 + -12. What is the units digit of a?
8
Let m(n) = 13*n**2 - 3*n - 3. What is the tens digit of m(-2)?
5
Let n = -5 - -8. Suppose 0 = -n*i + 4*h + 94, -3*i = -0*i + 5*h - 112. What is the units digit of 2/6 + i/6?
6
Let v(x) = x**3 + 7*x**2 + 2*x - 7. Suppose -8 - 16 = 4*t. What is the units digit of v(t)?
7
Let c(l) = l**3 + 7*l**2 - 6*l - 6. What is the tens digit of c(-5)?
7
Suppose 0 = -3*b + 6, b + 2*b = -5*y + 616. What is the units digit of y?
2
What is the units digit of 2 - -4*(-4)/16?
1
Let i(z) = -z**2 - 5*z - 4. Let r = -2 + -1. What is the units digit of i(r)?
2
Let w(s) = 2*s**2 + 2*s + 2. Let u be (3/(-2))/(12/16). What is the units digit of w(u)?
6
Let v = 23 - 13. Suppose 5*z - 30 - v = 0. What is the units digit of z?
8
Suppose -l + t = 4*t - 53, 2*t + 316 = 5*l. What is the tens digit of l?
6
Let p be 0*(3 - 15/6). Suppose -5*x + 15 + 5 = p. Suppose x = 2*c + 4*j, 9*c - 5*j - 85 = 4*c. What is the units digit of c?
2
Let l(b) = 3*b**3 - b**2 - b + 5. Let q(a) = a**3. Let y(j) = l(j) - 2*q(j). What is the units digit of y(0)?
5
Let l(o) = o**2 + 2*o - 5. Let j(y) = -y**2 + 5*y + 2. Let a be j(4). Let h = a - 10. What is the units digit of l(h)?
3
Let h(p) = -p**2 - p + 47. What is the tens digit of h(0)?
4
Suppose 0 = 2*f + 4*n - 466, -2 - 2 = -n. What is the tens digit of f?
2
Let c(r) = -r**2 + 6*r + 11. Let y be c(6). Suppose 3*w + y - 86 = 0. What is the units digit of w?
5
Suppose -2*t = 2*t + 16. Let j = t + 6. Let o = 5 - j. What is the units digit of o?
3
Suppose -2*h = -5*l + 10 + 5, 3*l + 4*h = 9. Suppose l*c + 0*c - 9 = 3*m, 0 = 3*c + 3*m + 21. What is the units digit of -1 - -1 - 2/c?
1
Suppose -4*h = -22 - 2. Suppose 4*v - 10 = -5*a, 2*v - 5*a - 30 = -2*v. Suppose -2*l + 2 + h = x, -3*l - 40 = -v*x. What is the units digit of x?
8
Let n be 4/(-8)*0 + -20. Let j = -3 - n. What is the tens digit of j?
1
Suppose -3*p + 2*p + 4 = 0. Suppose -28 = -p*q + 12. What is the tens digit of q?
1
Let b = -11 - -7. What is the units digit of 0 - b/(8/6)?
3
Suppose 20 = -4*m - p, 2*m = -0*p + p - 16. Suppose -5*j = -3*j - 5*c + 8, -2*c - 4 = -2*j. Let r = j - m. What is the tens digit of r?
1
Suppose -4 + 1 = -v. Let k(w) = w**3 - w - 2. What is the units digit of k(v)?
2
Let i be ((-2)/(-3))/((-7)/(-630)). Suppose -7*k + i = -2*k. What is the units digit of k?
2
Suppose d = 3*y - 8, 0*d - 2*d + 20 = 3*y. Suppose 3*p + 4*s = 2*s + 17, -y*p + 4*s = -56. What is the units digit of p?
9
Suppose 4*o - 107 - 93 = 0. What is the tens digit of o?
5
Suppose 2*k = -4*r + 100, 2*r - 30 = 2*k + 32. Suppose l = 4*l + r. Let y = -5 - l. What is the units digit of y?
4
Let i be (0*(-3)/9)/(-3). Let g(f) = f**3 + f + 10. What is the tens digit of g(i)?
1
What is the hundreds digit of 730/6 - 36/54?
1
Suppose -2*x = -38 - 54. What is the units digit of x?
6
Suppose 4*w + 10 = 5*p, 4*p = 3*p + w + 2. Suppose -p*m + 4*m = 6. What is the units digit of 1/m - 15/(-9)?
2
Let m be 6/3*(0 - -1). Suppose -2*o + m = -0*o. What is the tens digit of 0/1 + o - -10?
1
Suppose 5*r - 20 - 145 = 0. What is the tens digit of r?
3
Let n be 1 - 2 - (-51)/3. Suppose n = -2*x + 4*x. What is the units digit of x?
8
Let c(x) = -x**2 + 10*x + 3. Let a be c(9). What is the tens digit of ((-7)/2)/((-2)/a)?
2
Suppose -4*t = 5*k - 124, 2*t + 7 = 2*k - 39. Suppose 0 = -2*s + 6*s - k. What is the units digit of s?
6
Let k(g) be the second derivative of g**4/12 + g**3/2 + 2*g**2 - g. Suppose 3*x = 12, -3*h + 2*x + 4 = 24. What is the units digit of k(h)?
8
Suppose 0*h = 5*h. Suppose 8 = -h*a + a. What is the units digit of a?
8
Suppose 4*k = -0*k + n + 57, 3*n = -3. What is the tens digit of k?
1
Let i(g) = -69*g - 1. Let k be i(-1). Suppose -5*z + 2*l + 57 = 0, -4*z + k = -0*z + 4*l. What is the tens digit of z?
1
Let w(o) be the first derivative of -o**2 - 3*o - 2. Let z = -11 - -5. What is the units digit of w(z)?
9
Suppose 0 = -5*c + 12 - 2. Suppose -5*d = -3*r + 42, -c*r - 2*d = -42 + 14. What is the units digit of r?
4
Let l = -10 + 30. What is the units digit of l?
0
Let j be (1/2)/((-6)/12). Let m(d) = -16*d**3 + d + 1. What is the tens digit of m(j)?
1
Let k(s) = -3*s**3 - 6*s**2 + 3*s + 2. Let m(w) = 4*w**3 + 5*w**2 - 4*w - 1. Let d(y) = -5*k(y) - 4*m(y). What is the units digit of d(10)?
4
Suppose -192 = -11*u + 8*u. What is the tens digit of u?
6
Suppose 4 = -3*l + l. Let y = 11 - l. What is the tens digit of y?
1
Let h = 4 - 1. Let v(x) = 5 - h*x - x + 4*x + x. What is the units digit of v(6)?
1
Let d(n) = -17*n - 6. What is the tens digit of d(-2)?
2
Let s(o) = o - 3. Let u be s(5). Let z(l) = -5 - 4*l + 8*l - u*l. What is the units digit of z(6)?
7
Let b(y) = y**2 - 15*y + 13. Let v be b(14). What is the tens digit of 39 - (v - (-1)/1)?
3
Suppose -c + 4 = -6. Let f = 17 - c. What is the units digit of f?
7
Suppose 5*w - 3*w = 5*j - 25, 2*w = -3*j - 17. Let f = 2 - w. What is the tens digit of f?
1
Suppose 5*t = -3*r + 46, 4*r = t + 1 + 45. What is the units digit of (-32)/(-12) - (-4)/r?
3
Let p(l) = l**3 + 5*l**2 + l + 7. Let c be p(-5). Suppose 2*x = -c*x. Let i(d) = d**3 + d + 6. What is the units digit of i(x)?
6
Suppose 4 = 2*p - 26. Suppose 2*j + p = 59. What is the units digit of j?
2
Suppose 2*i - 10 = -3*i. Suppose -6 = i*t - 0. What is the units digit of 13 - (-1)/3*t?
2
Let h(l) = -l**2 - 16*l - 11. What is the units digit of h(-14)?
7
Let o = 4 - -14. Suppose 2*a + o = 48. Suppose 3*g = a, 0*r + 5*r = -2*g + 35. What is the units digit of r?
5
Let j = -44 + 64. What is the units digit of j?
0
Let l(m) = m**2 - 5*m - 10. Let a be l(7). Let s(d) = d + 9. Let o be s(0). Suppose -a*k + 29 - o = 0. What is the units digit of k?
5
Suppose 0 = 3*g - 5*g + 66. What is the tens digit of g?
3
Let i be 1*6/9*3. Suppose -10 = -5*c + 2*k + k, 3*c - 5 = i*k. What is the units digit of c?
5
Let p(c) = 11*c - 50. What is the tens digit of p(12)?
8
Suppose -3*w - 24 = -w. Let d = w + 29. What is the t